{"id":105,"date":"2014-11-21T09:57:54","date_gmt":"2014-11-21T08:57:54","guid":{"rendered":"http:\/\/www.fabienm.eu\/flf\/?page_id=105"},"modified":"2021-02-12T16:27:07","modified_gmt":"2021-02-12T15:27:07","slug":"web","status":"publish","type":"page","link":"http:\/\/www.fabienm.eu\/flf\/accueil\/web\/","title":{"rendered":"Web"},"content":{"rendered":"<p>D&rsquo;autre site internet font la promotion des solutions libre pour le fpga, voici quelques site int\u00e9ressants.<\/p>\n<p><strong>Autres lib\u00e9rateurs<\/strong><\/p>\n<ul>\n<li><a href=\"http:\/\/fossi-foundation.org\/fossi.html\">FOSSi Foundation <\/a>: Free and Open Source Silicon. Fondation d\u00e9fendant toutes initiative de lib\u00e9ration du Silicium, FPGA ou autre ASIC.<\/li>\n<\/ul>\n<p><strong>Librairies<\/strong><\/p>\n<ul>\n<li><a href=\"http:\/\/www.ohwr.org\/\">Open Hardware Repository<\/a>: Soutenu par le CERN, h\u00e9berge des projets libres pour l&rsquo;\u00e9lectronique en g\u00e9n\u00e9ral et pour les FPGA en particulier.<\/li>\n<li><a href=\"http:\/\/opencores.org\/\">OpenCores<\/a>: Une biblioth\u00e8que de composants\/projet pour les FPGA. s&rsquo;architecture principalement autour du bus Wishbone.<\/li>\n<li><a href=\"http:\/\/librecores.org\/\">librecore<\/a>: Un jeune concurent au v\u00e9n\u00e9rable OpenCores<\/li>\n<li><a href=\"http:\/\/freerangefactory.org\/\">Free Range Factory<\/a>: Une autre biblioth\u00e8que libre de composants pour le FPGA.<\/li>\n<li><a href=\"https:\/\/github.com\/VLSI-EDA\/PoC\">PoC<\/a>\u00ab\u00a0Pile of Cores\u00a0\u00bb : Une biblioth\u00e8que de cores maintenue par l&rsquo;universit\u00e9 de Dresde.<\/li>\n<li><a href=\"_wp_link_placeholder\" data-wplink-edit=\"true\">FPGA Design Element<\/a>: Un \u00ablivre en ligne\u00bb sur les diff\u00e9rentes structure verilog que l&rsquo;on peut trouver dans un FPGA.<\/li>\n<\/ul>\n<p><strong>Fabricants de cartes<\/strong><\/p>\n<ul>\n<li><a href=\"http:\/\/www.armadeus.com\/wiki\/index.php?title=Using_FPGA\">Armadeus Project<\/a>: La soci\u00e9t\u00e9 Armadeus Systems produit des cartes \u00e0 base de processeur + fpga. C&rsquo;est elle qui maintient l&rsquo;outil POD qui facilite l&rsquo;integration de \u00abcomposants virtuels\u00bb sur FPGA.<\/li>\n<\/ul>\n<p><strong>Divers<\/strong><\/p>\n<ul>\n<li><a href=\"https:\/\/www.logre.eu\/wiki\/Outils_libres_pour_d%C3%A9veloppement_FPGA\">LOGre<\/a>: Un hackerspace grenoblois qui a une page sur la question des outils libres pour le FPGA.<\/li>\n<li><a href=\"http:\/\/fpgalibre.sourceforge.net\/intro.html\">FPGA Libre<\/a>: Beaucoup de choses int\u00e9ressantes, pr\u00e9f\u00e9rez la version espagnole m\u00eame si vous ne le parlez pas: il y a beaucoup plus de liens \ud83d\ude09<\/li>\n<li><a href=\"http:\/\/dfusion.com.au\/wiki\/tiki-index.php?page=Open+source+FPGA+place+and+route\">Datafusion<\/a>: Une discussion sur la difficult\u00e9 de faire des logiciels libre pour le FPGA.<\/li>\n<\/ul>\n","protected":false},"excerpt":{"rendered":"<p>D&rsquo;autre site internet font la promotion des solutions libre pour le fpga, voici quelques site int\u00e9ressants. Autres lib\u00e9rateurs FOSSi Foundation : Free and Open Source Silicon. Fondation d\u00e9fendant toutes initiative de lib\u00e9ration du Silicium, FPGA ou autre ASIC. Librairies Open Hardware Repository: Soutenu par le CERN, h\u00e9berge des projets libres pour l&rsquo;\u00e9lectronique en g\u00e9n\u00e9ral et &hellip; <a href=\"http:\/\/www.fabienm.eu\/flf\/accueil\/web\/\" class=\"more-link\">Continuer la lecture de <span class=\"screen-reader-text\">Web<\/span> <span class=\"meta-nav\">&rarr;<\/span><\/a><\/p>\n","protected":false},"author":2,"featured_media":0,"parent":116,"menu_order":10,"comment_status":"open","ping_status":"closed","template":"","meta":{"_uag_custom_page_level_css":"","footnotes":""},"class_list":["post-105","page","type-page","status-publish","hentry"],"uagb_featured_image_src":{"full":false,"thumbnail":false,"medium":false,"medium_large":false,"large":false,"1536x1536":false,"2048x2048":false,"post-thumbnail":false},"uagb_author_info":{"display_name":"Fabien Marteau","author_link":"http:\/\/www.fabienm.eu\/flf\/author\/martoni\/"},"uagb_comment_info":1,"uagb_excerpt":"D&rsquo;autre site internet font la promotion des solutions libre pour le fpga, voici quelques site int\u00e9ressants. Autres lib\u00e9rateurs FOSSi Foundation : Free and Open Source Silicon. Fondation d\u00e9fendant toutes initiative de lib\u00e9ration du Silicium, FPGA ou autre ASIC. Librairies Open Hardware Repository: Soutenu par le CERN, h\u00e9berge des projets libres pour l&rsquo;\u00e9lectronique en g\u00e9n\u00e9ral et\u2026","_links":{"self":[{"href":"http:\/\/www.fabienm.eu\/flf\/wp-json\/wp\/v2\/pages\/105","targetHints":{"allow":["GET"]}}],"collection":[{"href":"http:\/\/www.fabienm.eu\/flf\/wp-json\/wp\/v2\/pages"}],"about":[{"href":"http:\/\/www.fabienm.eu\/flf\/wp-json\/wp\/v2\/types\/page"}],"author":[{"embeddable":true,"href":"http:\/\/www.fabienm.eu\/flf\/wp-json\/wp\/v2\/users\/2"}],"replies":[{"embeddable":true,"href":"http:\/\/www.fabienm.eu\/flf\/wp-json\/wp\/v2\/comments?post=105"}],"version-history":[{"count":14,"href":"http:\/\/www.fabienm.eu\/flf\/wp-json\/wp\/v2\/pages\/105\/revisions"}],"predecessor-version":[{"id":1659,"href":"http:\/\/www.fabienm.eu\/flf\/wp-json\/wp\/v2\/pages\/105\/revisions\/1659"}],"up":[{"embeddable":true,"href":"http:\/\/www.fabienm.eu\/flf\/wp-json\/wp\/v2\/pages\/116"}],"wp:attachment":[{"href":"http:\/\/www.fabienm.eu\/flf\/wp-json\/wp\/v2\/media?parent=105"}],"curies":[{"name":"wp","href":"https:\/\/api.w.org\/{rel}","templated":true}]}}