{"id":524,"date":"2013-07-09T17:45:21","date_gmt":"2013-07-09T15:45:21","guid":{"rendered":"http:\/\/www.martoni.fr\/wordpress\/?page_id=524"},"modified":"2017-05-30T11:10:20","modified_gmt":"2017-05-30T09:10:20","slug":"shaarli","status":"publish","type":"page","link":"http:\/\/www.fabienm.eu\/wordpress\/shaarli\/","title":{"rendered":"Shaarli"},"content":{"rendered":"<p><a href=\"http:\/\/sebsauvage.net\/wiki\/doku.php?id=php:shaarli\">Shaarli<\/a> est un petit logiciel d\u00e9velopp\u00e9 par <a href=\"http:\/\/sebsauvage.net\">sebsauvage<\/a> pour partager les liens que l&rsquo;on rencontre quand on navigue sur internet.<br \/>\nC&rsquo;est un logiciel qui s&rsquo;installe sur un h\u00e9bergement et qui permet de partager des liens facilement avec tout le monde sans avoir \u00e0 \u00eatre centralis\u00e9 dans une base de donn\u00e9es fliqu\u00e9e comme fesse bouc ou gougueuleplus.<\/p>\n<p>De plus \u00e7a permet de se faire un historique\/pense b\u00eate perso.<\/p>\n<p>Pour vous abonner \u00e0 mes liens partag\u00e9s il suffit de cliquer sur \u00abRSS feed\u00bb ou \u00abATOM feed\u00bb dans la barre de menu du dessus. De cette mani\u00e8re vous recevrez en \u00abtemps r\u00e9el\u00bb \u00e0 la mani\u00e8re de touiteur les liens que je poste.<\/p>\n<p>Pour voir mon shaarli <a href=\"http:\/\/www.fabienm.eu\/shaarli\/\"> c&rsquo;est donc par l\u00e0<\/a>.<\/p>\n","protected":false},"excerpt":{"rendered":"<p>Shaarli est un petit logiciel d\u00e9velopp\u00e9 par sebsauvage pour partager les liens que l&rsquo;on rencontre quand on navigue sur internet. C&rsquo;est un logiciel qui s&rsquo;installe sur un h\u00e9bergement et qui permet de partager des liens facilement avec tout le monde &hellip; <a href=\"http:\/\/www.fabienm.eu\/wordpress\/shaarli\/\">Continuer la lecture <span class=\"meta-nav\">&rarr;<\/span><\/a><\/p>\n","protected":false},"author":1,"featured_media":0,"parent":0,"menu_order":0,"comment_status":"open","ping_status":"closed","template":"","meta":{"footnotes":""},"class_list":["post-524","page","type-page","status-publish","hentry"],"_links":{"self":[{"href":"http:\/\/www.fabienm.eu\/wordpress\/wp-json\/wp\/v2\/pages\/524","targetHints":{"allow":["GET"]}}],"collection":[{"href":"http:\/\/www.fabienm.eu\/wordpress\/wp-json\/wp\/v2\/pages"}],"about":[{"href":"http:\/\/www.fabienm.eu\/wordpress\/wp-json\/wp\/v2\/types\/page"}],"author":[{"embeddable":true,"href":"http:\/\/www.fabienm.eu\/wordpress\/wp-json\/wp\/v2\/users\/1"}],"replies":[{"embeddable":true,"href":"http:\/\/www.fabienm.eu\/wordpress\/wp-json\/wp\/v2\/comments?post=524"}],"version-history":[{"count":4,"href":"http:\/\/www.fabienm.eu\/wordpress\/wp-json\/wp\/v2\/pages\/524\/revisions"}],"predecessor-version":[{"id":1043,"href":"http:\/\/www.fabienm.eu\/wordpress\/wp-json\/wp\/v2\/pages\/524\/revisions\/1043"}],"wp:attachment":[{"href":"http:\/\/www.fabienm.eu\/wordpress\/wp-json\/wp\/v2\/media?parent=524"}],"curies":[{"name":"wp","href":"https:\/\/api.w.org\/{rel}","templated":true}]}}