{"id":1235,"date":"2019-12-09T09:31:31","date_gmt":"2019-12-09T08:31:31","guid":{"rendered":"http:\/\/www.fabienm.eu\/flf\/?page_id=1235"},"modified":"2019-12-19T09:30:27","modified_gmt":"2019-12-19T08:30:27","slug":"mentions-legales","status":"publish","type":"page","link":"https:\/\/www.fabienm.eu\/flf\/accueil\/mentions-legales\/","title":{"rendered":"Mentions l\u00e9gales"},"content":{"rendered":"\n<p>Le <em>Front de lib\u00e9ration des FPGA<\/em> est un journal personnel en ligne ayant pour th\u00e8me les FPGA. Il est \u00e9dit\u00e9 \u00e0 titre non professionnel au sens de l\u2019article 6, III, 2\u00b0 de la loi 2004-575 du 21 juin 2004. Conform\u00e9ment aux dispositions de cet article, son \u00e9diteur a choisi de rester anonyme.&nbsp; <br> Il est h\u00e9berg\u00e9 par OVH, dont le  si\u00e8ge social est 2 rue Kellermann &#8211; 59100 Roubaix &#8211; France.&nbsp;Conform\u00e9ment \u00e0 la loi, mes \u00e9l\u00e9ments d\u2019identification personnelle  lui ont \u00e9t\u00e9 communiqu\u00e9s. <br><br> En cas de r\u00e9clamation sur le contenu de ce site, commentaire ou billet,  vous pouvez me contacter \u00e0 l&rsquo;adresse mail@fabienm.eu<br><br> La loi vous permet de vous adresser directement \u00e0 l\u2019h\u00e9bergeur via son formulaire disponible \u00e0 l&rsquo;adresse suivante :<\/p>\n\n\n\n<p><a href=\"https:\/\/www.ovh.com\/fr\/abuse\/\">https:\/\/www.ovh.com\/fr\/abuse\/<\/a><\/p>\n\n\n\n<p>Ou \u00e0 cette adresse\u00a0:<br>OVH 2 rue Kellermann \u2013 BP 80157 59053 ROUBAIX CEDEX 1 France<\/p>\n\n\n\n<p>Mentions l\u00e9gales largement inspir\u00e9es de celles de <a href=\"https:\/\/maitre-eolas.fr\/pages\/mentionslegales\">ma\u00eetre \u00c9olas<\/a>, merci \u00e0 lui.<\/p>\n","protected":false},"excerpt":{"rendered":"<p>Le Front de lib\u00e9ration des FPGA est un journal personnel en ligne ayant pour th\u00e8me les FPGA. Il est \u00e9dit\u00e9 \u00e0 titre non professionnel au sens de l\u2019article 6, III, 2\u00b0 de la loi 2004-575 du 21 juin 2004. Conform\u00e9ment aux dispositions de cet article, son \u00e9diteur a choisi de rester anonyme.&nbsp; Il est h\u00e9berg\u00e9 &hellip; <a href=\"https:\/\/www.fabienm.eu\/flf\/accueil\/mentions-legales\/\" class=\"more-link\">Continuer la lecture de <span class=\"screen-reader-text\">Mentions l\u00e9gales<\/span> <span class=\"meta-nav\">&rarr;<\/span><\/a><\/p>\n","protected":false},"author":1,"featured_media":0,"parent":116,"menu_order":15,"comment_status":"closed","ping_status":"closed","template":"","meta":{"_uag_custom_page_level_css":"","footnotes":""},"class_list":["post-1235","page","type-page","status-publish","hentry"],"uagb_featured_image_src":{"full":false,"thumbnail":false,"medium":false,"medium_large":false,"large":false,"1536x1536":false,"2048x2048":false,"post-thumbnail":false},"uagb_author_info":{"display_name":"Fabien Marteau","author_link":"https:\/\/www.fabienm.eu\/flf\/author\/admin\/"},"uagb_comment_info":0,"uagb_excerpt":"Le Front de lib\u00e9ration des FPGA est un journal personnel en ligne ayant pour th\u00e8me les FPGA. Il est \u00e9dit\u00e9 \u00e0 titre non professionnel au sens de l\u2019article 6, III, 2\u00b0 de la loi 2004-575 du 21 juin 2004. Conform\u00e9ment aux dispositions de cet article, son \u00e9diteur a choisi de rester anonyme.&nbsp; Il est h\u00e9berg\u00e9\u2026","_links":{"self":[{"href":"https:\/\/www.fabienm.eu\/flf\/wp-json\/wp\/v2\/pages\/1235","targetHints":{"allow":["GET"]}}],"collection":[{"href":"https:\/\/www.fabienm.eu\/flf\/wp-json\/wp\/v2\/pages"}],"about":[{"href":"https:\/\/www.fabienm.eu\/flf\/wp-json\/wp\/v2\/types\/page"}],"author":[{"embeddable":true,"href":"https:\/\/www.fabienm.eu\/flf\/wp-json\/wp\/v2\/users\/1"}],"replies":[{"embeddable":true,"href":"https:\/\/www.fabienm.eu\/flf\/wp-json\/wp\/v2\/comments?post=1235"}],"version-history":[{"count":2,"href":"https:\/\/www.fabienm.eu\/flf\/wp-json\/wp\/v2\/pages\/1235\/revisions"}],"predecessor-version":[{"id":1237,"href":"https:\/\/www.fabienm.eu\/flf\/wp-json\/wp\/v2\/pages\/1235\/revisions\/1237"}],"up":[{"embeddable":true,"href":"https:\/\/www.fabienm.eu\/flf\/wp-json\/wp\/v2\/pages\/116"}],"wp:attachment":[{"href":"https:\/\/www.fabienm.eu\/flf\/wp-json\/wp\/v2\/media?parent=1235"}],"curies":[{"name":"wp","href":"https:\/\/api.w.org\/{rel}","templated":true}]}}