{"id":194,"date":"2014-12-07T22:15:28","date_gmt":"2014-12-07T21:15:28","guid":{"rendered":"http:\/\/www.fabienm.eu\/flf\/?page_id=194"},"modified":"2022-07-29T12:32:23","modified_gmt":"2022-07-29T11:32:23","slug":"fpga","status":"publish","type":"page","link":"https:\/\/www.fabienm.eu\/flf\/materiel\/fpga\/","title":{"rendered":"Fondeurs FPGA"},"content":{"rendered":"<p>Une petites listes des marques de FPGA du march\u00e9.<\/p>\n<h3><a href=\"https:\/\/www.xilinx.com\/\"><strong>Xilinx<\/strong><\/a><\/h3>\n<p><a href=\"http:\/\/www.fabienm.eu\/flf\/wp-content\/uploads\/2019\/11\/xilinx.png\"><img loading=\"lazy\" decoding=\"async\" class=\"wp-image-1173 size-full aligncenter\" src=\"http:\/\/www.fabienm.eu\/flf\/wp-content\/uploads\/2019\/11\/xilinx.png\" alt=\"xilinx logo\" width=\"380\" height=\"159\" srcset=\"https:\/\/www.fabienm.eu\/flf\/wp-content\/uploads\/2019\/11\/xilinx.png 380w, https:\/\/www.fabienm.eu\/flf\/wp-content\/uploads\/2019\/11\/xilinx-300x126.png 300w\" sizes=\"auto, (max-width: 380px) 100vw, 380px\" \/><\/a><\/p>\n<p>Produit toute la gamme de FPGA, du plus petit au plus gros. D\u00e9veloppe sa propre chaine de developpement : ISE, Vivado, &#8230;<\/p>\n<h3><a href=\"https:\/\/www.altera.com\/\"><strong>Altera\/Intel<\/strong><\/a><\/h3>\n<p><a href=\"http:\/\/www.fabienm.eu\/flf\/wp-content\/uploads\/2019\/11\/altera.jpeg\"><img loading=\"lazy\" decoding=\"async\" class=\"wp-image-1174 aligncenter\" src=\"http:\/\/www.fabienm.eu\/flf\/wp-content\/uploads\/2019\/11\/altera.jpeg\" alt=\"altera logo\" width=\"294\" height=\"133\" srcset=\"https:\/\/www.fabienm.eu\/flf\/wp-content\/uploads\/2019\/11\/altera.jpeg 520w, https:\/\/www.fabienm.eu\/flf\/wp-content\/uploads\/2019\/11\/altera-300x136.jpeg 300w\" sizes=\"auto, (max-width: 294px) 100vw, 294px\" \/><\/a><\/p>\n<p>Produit toute la gamme de FPGA, du plus petit au plus gros. A r\u00e9cemment \u00e9t\u00e9 rachet\u00e9 par Intel. Risque d\u2019arr\u00eater les petits qui n&rsquo;int\u00e9ressent pas Intel.<\/p>\n<h3><a href=\"http:\/\/www.latticesemi.com\/\"><strong>Lattice<\/strong><\/a><\/h3>\n<p><a href=\"http:\/\/www.fabienm.eu\/flf\/wp-content\/uploads\/2019\/11\/lattice.jpeg\"><img loading=\"lazy\" decoding=\"async\" class=\"size-full wp-image-1175 aligncenter\" src=\"http:\/\/www.fabienm.eu\/flf\/wp-content\/uploads\/2019\/11\/lattice.jpeg\" alt=\"lattice logo\" width=\"312\" height=\"81\" srcset=\"https:\/\/www.fabienm.eu\/flf\/wp-content\/uploads\/2019\/11\/lattice.jpeg 312w, https:\/\/www.fabienm.eu\/flf\/wp-content\/uploads\/2019\/11\/lattice-300x78.jpeg 300w\" sizes=\"auto, (max-width: 312px) 100vw, 312px\" \/><\/a><\/p>\n<p>Sp\u00e9cialis\u00e9 dans les petits\/moyen FPGA, c&rsquo;est elle qui produit les fameux ice40 revers\u00e9 dans le projet <a href=\"http:\/\/www.fabienm.eu\/flf\/projet-icestorm-le-fpga-libere\/\">icestorm<\/a>.<\/p>\n<h3><strong><a href=\"https:\/\/www.microsemi.com\/\">Microsemi (Microchip)<\/a><br><\/strong><\/h3>\n<p><a href=\"http:\/\/www.fabienm.eu\/flf\/wp-content\/uploads\/2019\/11\/microsemi.jpeg\"><img loading=\"lazy\" decoding=\"async\" class=\"alignnone size-full wp-image-1176\" src=\"http:\/\/www.fabienm.eu\/flf\/wp-content\/uploads\/2019\/11\/microsemi.jpeg\" alt=\"microsemi logo\" width=\"1167\" height=\"237\" srcset=\"https:\/\/www.fabienm.eu\/flf\/wp-content\/uploads\/2019\/11\/microsemi.jpeg 1167w, https:\/\/www.fabienm.eu\/flf\/wp-content\/uploads\/2019\/11\/microsemi-300x61.jpeg 300w, https:\/\/www.fabienm.eu\/flf\/wp-content\/uploads\/2019\/11\/microsemi-1024x208.jpeg 1024w, https:\/\/www.fabienm.eu\/flf\/wp-content\/uploads\/2019\/11\/microsemi-768x156.jpeg 768w\" sizes=\"auto, (max-width: 1167px) 100vw, 1167px\" \/><\/a><\/p>\n<p>Sp\u00e9cialis\u00e9 dans les petits FPGA \u00abdurci\u00bb, notamment pour le spatial. Commence \u00e0 faire des FPGA nettement plus gros maintenant, notamment avec le <a href=\"https:\/\/www.microsemi.com\/product-directory\/fpgas\/3854-polarfire-fpgas#product-table\">PolarFire<\/a> qui inclura m\u00eame prochainement un hard-core Risc-V.<\/p>\n<h3><a href=\"https:\/\/www.renesas.com\/sg\/en\">Renesas<\/a><\/h3>\n<p><a href=\"http:\/\/www.fabienm.eu\/flf\/wp-content\/uploads\/2021\/11\/renesaslogo-1.png\"><img loading=\"lazy\" decoding=\"async\" class=\"size-full wp-image-1864 aligncenter\" src=\"http:\/\/www.fabienm.eu\/flf\/wp-content\/uploads\/2021\/11\/renesaslogo-1.png\" alt=\"\" width=\"399\" height=\"146\" srcset=\"https:\/\/www.fabienm.eu\/flf\/wp-content\/uploads\/2021\/11\/renesaslogo-1.png 399w, https:\/\/www.fabienm.eu\/flf\/wp-content\/uploads\/2021\/11\/renesaslogo-1-300x110.png 300w\" sizes=\"auto, (max-width: 399px) 100vw, 399px\" \/><\/a><\/p>\n<p>Dans la lign\u00e9e de ses <a href=\"https:\/\/www.dialog-semiconductor.com\/products\/greenpak\">GreenPAK<\/a>, Renesas <a href=\"https:\/\/www.renesas.com\/sg\/en\/about\/press-room\/renesas-enters-fpga-market-first-ultra-low-power-low-cost-family-addressing-low-density-high-volume\">sort un FPGA nomm\u00e9 ForgeFPGA.<\/a> Avec comme objectif de prix en volume de 0.5$ pour 1kLUT.<\/p>\n<h3><strong><a href=\"http:\/\/www.nanoxplore.com\/\">NanoXplore<\/a><\/strong><\/h3>\n<p><a href=\"http:\/\/www.fabienm.eu\/flf\/wp-content\/uploads\/2019\/11\/nanoxplore.png\"><img loading=\"lazy\" decoding=\"async\" class=\"wp-image-1177 aligncenter\" src=\"http:\/\/www.fabienm.eu\/flf\/wp-content\/uploads\/2019\/11\/nanoxplore.png\" alt=\"nanoXplore logo\" width=\"146\" height=\"136\" srcset=\"https:\/\/www.fabienm.eu\/flf\/wp-content\/uploads\/2019\/11\/nanoxplore.png 725w, https:\/\/www.fabienm.eu\/flf\/wp-content\/uploads\/2019\/11\/nanoxplore-300x279.png 300w\" sizes=\"auto, (max-width: 146px) 100vw, 146px\" \/><\/a><\/p>\n<p>Soci\u00e9t\u00e9 fran\u00e7aise proposant des FPGA \u00e0 base de SRAM. Leur produit visent principalement le spatial. NanoXplore poss\u00e8de son propre logiciel de synth\u00e8se\/placement routage : NanoXmap<\/p>\n<h3><a href=\"https:\/\/www.efinixinc.com\/products.html\"><strong>Efinix<\/strong><\/a><\/h3>\n<p><a href=\"http:\/\/www.fabienm.eu\/flf\/wp-content\/uploads\/2019\/11\/efinix-logo.png\"><img loading=\"lazy\" decoding=\"async\" class=\"wp-image-1179 aligncenter\" src=\"http:\/\/www.fabienm.eu\/flf\/wp-content\/uploads\/2019\/11\/efinix-logo.png\" alt=\"efinix logo\" width=\"470\" height=\"81\" srcset=\"https:\/\/www.fabienm.eu\/flf\/wp-content\/uploads\/2019\/11\/efinix-logo.png 802w, https:\/\/www.fabienm.eu\/flf\/wp-content\/uploads\/2019\/11\/efinix-logo-300x52.png 300w, https:\/\/www.fabienm.eu\/flf\/wp-content\/uploads\/2019\/11\/efinix-logo-768x132.png 768w\" sizes=\"auto, (max-width: 470px) 100vw, 470px\" \/><\/a><\/p>\n<p>Leur produit phare nomm\u00e9 <a href=\"https:\/\/www.efinixinc.com\/products.html\">Trion<\/a> est d\u00e9sormais disponible \u00e0 la vente (\u00e0 condition de s&rsquo;enregistrer chez eux).<\/p>\n<p><a href=\"http:\/\/www.fabienm.eu\/flf\/wp-content\/uploads\/2019\/11\/trion-efinity-quantum.png\"><img loading=\"lazy\" decoding=\"async\" class=\"wp-image-1180 aligncenter\" src=\"http:\/\/www.fabienm.eu\/flf\/wp-content\/uploads\/2019\/11\/trion-efinity-quantum.png\" alt=\"trion-efinity-quantum logo\" width=\"359\" height=\"131\" srcset=\"https:\/\/www.fabienm.eu\/flf\/wp-content\/uploads\/2019\/11\/trion-efinity-quantum.png 600w, https:\/\/www.fabienm.eu\/flf\/wp-content\/uploads\/2019\/11\/trion-efinity-quantum-300x110.png 300w\" sizes=\"auto, (max-width: 359px) 100vw, 359px\" \/><\/a><\/p>\n<h3><a href=\"http:\/\/www.menta.fr\"><strong>Menta<\/strong><\/a><\/h3>\n<p><a href=\"http:\/\/www.fabienm.eu\/flf\/wp-content\/uploads\/2019\/11\/menta.png\"><img loading=\"lazy\" decoding=\"async\" class=\"wp-image-1181 aligncenter\" src=\"http:\/\/www.fabienm.eu\/flf\/wp-content\/uploads\/2019\/11\/menta.png\" alt=\"menta logo\" width=\"155\" height=\"116\" srcset=\"https:\/\/www.fabienm.eu\/flf\/wp-content\/uploads\/2019\/11\/menta.png 800w, https:\/\/www.fabienm.eu\/flf\/wp-content\/uploads\/2019\/11\/menta-300x225.png 300w, https:\/\/www.fabienm.eu\/flf\/wp-content\/uploads\/2019\/11\/menta-768x576.png 768w\" sizes=\"auto, (max-width: 155px) 100vw, 155px\" \/><\/a><\/p>\n<p>Menta est une soci\u00e9t\u00e9 fran\u00e7aise sans fabrication (fabless company) qui propose des FPGA configurables \u00e0 partir de leur outils <a href=\"https:\/\/www.menta-efpga.com\/origami-designer#!\">Origami designer<\/a>. Ce logiciel permet de choisir la taille de son FPGA (nombre de LUT,&nbsp; d&rsquo;I\/O, &#8230;) pour ensuite aller voir un fondeur qui r\u00e9alisera la puce.<\/p>\n<p>Un deuxi\u00e8me outils est un IDE classique permettant de travailler sur FPGA pour la synth\u00e8se le placement routage et le bitstream. Mais pas d&rsquo;outils libre en vu pour l&rsquo;instant \ud83d\ude41<\/p>\n<h3><a href=\"https:\/\/en.wikipedia.org\/wiki\/Tabula_%28company%29\"><strong>Tabula<\/strong><\/a><\/h3>\n<p><a href=\"http:\/\/www.fabienm.eu\/flf\/wp-content\/uploads\/2019\/11\/tabula.png\"><img loading=\"lazy\" decoding=\"async\" class=\"wp-image-1182 aligncenter\" src=\"http:\/\/www.fabienm.eu\/flf\/wp-content\/uploads\/2019\/11\/tabula.png\" alt=\"tabula logo\" width=\"191\" height=\"147\" srcset=\"https:\/\/www.fabienm.eu\/flf\/wp-content\/uploads\/2019\/11\/tabula.png 1280w, https:\/\/www.fabienm.eu\/flf\/wp-content\/uploads\/2019\/11\/tabula-300x231.png 300w, https:\/\/www.fabienm.eu\/flf\/wp-content\/uploads\/2019\/11\/tabula-1024x790.png 1024w, https:\/\/www.fabienm.eu\/flf\/wp-content\/uploads\/2019\/11\/tabula-768x592.png 768w\" sizes=\"auto, (max-width: 191px) 100vw, 191px\" \/><\/a><\/p>\n<p>Startup cherchant \u00e0 produire un FPGA en \u00ab3D\u00bb nomm\u00e9 ABAX.<\/p>\n<h3><a href=\"https:\/\/www.achronix.com\/\"><strong>Achronix<\/strong><\/a><\/h3>\n<p><a href=\"http:\/\/www.fabienm.eu\/flf\/wp-content\/uploads\/2019\/11\/achronix.png\"><img loading=\"lazy\" decoding=\"async\" class=\"size-full wp-image-1183 aligncenter\" src=\"http:\/\/www.fabienm.eu\/flf\/wp-content\/uploads\/2019\/11\/achronix.png\" alt=\"achronix logo\" width=\"200\" height=\"200\" srcset=\"https:\/\/www.fabienm.eu\/flf\/wp-content\/uploads\/2019\/11\/achronix.png 200w, https:\/\/www.fabienm.eu\/flf\/wp-content\/uploads\/2019\/11\/achronix-150x150.png 150w\" sizes=\"auto, (max-width: 200px) 100vw, 200px\" \/><\/a>Produit un gros FPGA nomm\u00e9 SpeedCore. Se fait remarquer ces derni\u00e8res ann\u00e9es en vendant des \u00abIP-Core\u00bb FPGA \u00e0 int\u00e9grer dans les ASIC.<strong><br><\/strong><\/p>\n<h3><a href=\"https:\/\/flex-logix.com\/\"><strong>Flex-Logic<\/strong><\/a><a href=\"http:\/\/www.fabienm.eu\/flf\/wp-content\/uploads\/2020\/10\/FlexLogic-Color-AI-eFPGA-1.png\"><img loading=\"lazy\" decoding=\"async\" class=\"size-full wp-image-1616 aligncenter\" src=\"http:\/\/www.fabienm.eu\/flf\/wp-content\/uploads\/2020\/10\/FlexLogic-Color-AI-eFPGA-1.png\" alt=\"\" width=\"190\" height=\"58\"><\/a>Un des pionnier dans la conception et la fourniture de eFPGA.<\/h3>\n<p><\/p>\n<h3><a href=\"http:\/\/www.adicsys.com\/\"><strong>ADICSYS<\/strong><\/a><\/h3>\n<p><a href=\"http:\/\/www.fabienm.eu\/flf\/wp-content\/uploads\/2020\/10\/adicsys_embedded-250x52-1.png\"><img loading=\"lazy\" decoding=\"async\" class=\"size-full wp-image-1618 aligncenter\" src=\"http:\/\/www.fabienm.eu\/flf\/wp-content\/uploads\/2020\/10\/adicsys_embedded-250x52-1.png\" alt=\"\" width=\"250\" height=\"52\"><\/a>Concepteur de eFPGA depuis une dizaine d&rsquo;ann\u00e9es.<\/p>\n<h3><a href=\"http:\/\/www.tierlogic.com\/\"><strong>Tier Logic<\/strong><\/a><\/h3>\n<p>Pas d&rsquo;info sur cette soci\u00e9t\u00e9.<\/p>\n<h3><a href=\"https:\/\/www2.eecs.berkeley.edu\/Pubs\/TechRpts\/2014\/EECS-2014-43.html\"><strong>Archipelago<\/strong><\/a><\/h3>\n<p>Archipelago est un FPGA \u00absans silicium\u00bb. C&rsquo;est une description HDL d&rsquo;un FPGA que l&rsquo;on peut synth\u00e9tiser &#8230; dans un FPGA. C&rsquo;est un des rares FPGA vraiment libre, mais il n&rsquo;existe pas sous forme de puce.<\/p>\n<p>Ce FPGA permet d&rsquo;utiliser une cha\u00eene de d\u00e9veloppement compl\u00e8tement libre pour synth\u00e9tiser son projet. Mais cela reste un truc de recherche.<\/p>\n<h3><strong><a href=\"http:\/\/www.anlogic.com\/\">Anlogic<\/a><\/strong><\/h3>\n<p><a href=\"http:\/\/www.fabienm.eu\/flf\/wp-content\/uploads\/2019\/11\/anlogic.png\"><img loading=\"lazy\" decoding=\"async\" class=\"size-full wp-image-1185 aligncenter\" src=\"http:\/\/www.fabienm.eu\/flf\/wp-content\/uploads\/2019\/11\/anlogic.png\" alt=\"anlogic logo\" width=\"200\" height=\"69\"><\/a><\/p>\n<p>Compagnie chinoise proposant des FPGA tr\u00e8s bas co\u00fbt. Certaines mauvaises langues insinueraient qu&rsquo;une partie de leurs gamme serait des copies &#8230;<\/p>\n<p>Le kit <a href=\"http:\/\/www.fabienm.eu\/flf\/deballage-du-kit-de-developpement-lichee-tang-muni-dun-fpga-chinois-anlogic\/\">Lichee Tang<\/a> permet d\u2019appr\u00e9hender un de leur FPGA avec leur IDE (le plus facile \u00e0 installer du march\u00e9 !)<\/p>\n<h3><strong><a href=\"https:\/\/gowinsemi.com\/en\/\">Gowin<\/a><\/strong><\/h3>\n<p><a href=\"http:\/\/www.fabienm.eu\/flf\/wp-content\/uploads\/2019\/11\/gowin.jpg\"><img loading=\"lazy\" decoding=\"async\" class=\"size-full wp-image-1186 aligncenter\" src=\"http:\/\/www.fabienm.eu\/flf\/wp-content\/uploads\/2019\/11\/gowin.jpg\" alt=\"gowin logo\" width=\"300\" height=\"123\"><\/a><\/p>\n<p>Compagnie chinoise au logo ressemblant \u00e9trangement \u00e0 celui de Lattice. Leurs produits sont propos\u00e9s \u00e0 des prix extr\u00eamement bas.<\/p>\n<p>Sipeed <a href=\"https:\/\/twitter.com\/SipeedIO\/status\/1167754336178294784\">propose un kit<\/a> (tang nano) avec leur FPGA pour 5$ !<\/p>\n<h3><strong><a href=\"http:\/\/www.alta-gate.com\/products.aspx?lang=&amp;id=22&amp;p=14\">AGM \/ Alta-Gate<\/a><\/strong><\/h3>\n<p><a href=\"http:\/\/www.fabienm.eu\/flf\/wp-content\/uploads\/2019\/12\/agm.jpg\"><img loading=\"lazy\" decoding=\"async\" class=\"size-full wp-image-1228 aligncenter\" src=\"http:\/\/www.fabienm.eu\/flf\/wp-content\/uploads\/2019\/12\/agm.jpg\" alt=\"Logo Alta-Gate \" width=\"131\" height=\"50\"><\/a><\/p>\n<p>Compagnie chinoise qui produit des CPLD ainsi que de petits FPGA. Il semblerait qu&rsquo;un <a href=\"https:\/\/github.com\/pablomarx\/rodinia\">projet d&rsquo;ing\u00e9nierie inverse soit bien avanc\u00e9<\/a> pour ce constructeur.<\/p>\n<h3><strong><a href=\"https:\/\/git.slaanesh.org\/killruana\/kfpga\">kFPGA<\/a><\/strong><\/h3>\n<p>Un embryons de projet \u00abfabless\u00bb de FPGA libre.&nbsp; \u00c0 suivre !<\/p>\n<p>Le premier mod\u00e8le est bient\u00f4t sortie et se nomme <a href=\"https:\/\/linuxfr.org\/users\/killruana\/journaux\/k1g1-le-premier-fpga-libre\">k1g1<\/a><\/p>\n\n\n\n\n<h3 class=\"wp-block-heading\"><strong><a href=\"https:\/\/www.colognechip.com\/\">Cologne Chip<\/a><\/strong><\/h3>\n\n\n<div class=\"wp-block-image\">\n<figure class=\"aligncenter size-large\"><img loading=\"lazy\" decoding=\"async\" width=\"1024\" height=\"539\" src=\"http:\/\/www.fabienm.eu\/flf\/wp-content\/uploads\/2020\/03\/cropped-cologne_chip_logocmyk-1024x539.png\" alt=\"\" class=\"wp-image-1487\" srcset=\"https:\/\/www.fabienm.eu\/flf\/wp-content\/uploads\/2020\/03\/cropped-cologne_chip_logocmyk-1024x539.png 1024w, https:\/\/www.fabienm.eu\/flf\/wp-content\/uploads\/2020\/03\/cropped-cologne_chip_logocmyk-300x158.png 300w, https:\/\/www.fabienm.eu\/flf\/wp-content\/uploads\/2020\/03\/cropped-cologne_chip_logocmyk-768x404.png 768w, https:\/\/www.fabienm.eu\/flf\/wp-content\/uploads\/2020\/03\/cropped-cologne_chip_logocmyk.png 1228w\" sizes=\"auto, (max-width: 1024px) 100vw, 1024px\" \/><\/figure><\/div>\n\n\n<p>Fabricant allemand de composants \u00e9lectroniques. Fait un FPGA nomm\u00e9 <a href=\"https:\/\/www.colognechip.com\/programmable-logic\/gatemate\/\">GateMate<\/a> avec une taille commen\u00e7ant \u00e0 20k LUT.<\/p>\n\n\n\n<h3 class=\"wp-block-heading\"><a href=\"https:\/\/www.quicklogic.com\/\">QuickLogic<\/a><\/h3>\n\n\n\n<figure class=\"wp-block-image size-large\"><img loading=\"lazy\" decoding=\"async\" width=\"1024\" height=\"190\" src=\"http:\/\/www.fabienm.eu\/flf\/wp-content\/uploads\/2020\/07\/quicklogic-1024x190.png\" alt=\"\" class=\"wp-image-1575\" srcset=\"https:\/\/www.fabienm.eu\/flf\/wp-content\/uploads\/2020\/07\/quicklogic-1024x190.png 1024w, https:\/\/www.fabienm.eu\/flf\/wp-content\/uploads\/2020\/07\/quicklogic-300x56.png 300w, https:\/\/www.fabienm.eu\/flf\/wp-content\/uploads\/2020\/07\/quicklogic-768x143.png 768w, https:\/\/www.fabienm.eu\/flf\/wp-content\/uploads\/2020\/07\/quicklogic.png 1228w\" sizes=\"auto, (max-width: 1024px) 100vw, 1024px\" \/><\/figure>\n\n\n\n<p>La soci\u00e9t\u00e9 est la premi\u00e8re \u00e0 fournir toute la suite de d\u00e9veloppement opensource pour son SoC<a href=\"http:\/\/www.fabienm.eu\/flf\/kit-de-developpement-qorc\/\"> EON S3<\/a>. Son SDK se nomme <a href=\"https:\/\/www.quicklogic.com\/QORC\/\">QORC<\/a> pour QuickLogic Open Reconfigurable Computing.<\/p>\n\n\n\n<figure class=\"wp-block-image size-large\"><img loading=\"lazy\" decoding=\"async\" width=\"800\" height=\"364\" src=\"http:\/\/www.fabienm.eu\/flf\/wp-content\/uploads\/2020\/07\/qorc-2.png\" alt=\"\" class=\"wp-image-1576\" srcset=\"https:\/\/www.fabienm.eu\/flf\/wp-content\/uploads\/2020\/07\/qorc-2.png 800w, https:\/\/www.fabienm.eu\/flf\/wp-content\/uploads\/2020\/07\/qorc-2-300x137.png 300w, https:\/\/www.fabienm.eu\/flf\/wp-content\/uploads\/2020\/07\/qorc-2-768x349.png 768w\" sizes=\"auto, (max-width: 800px) 100vw, 800px\" \/><\/figure>\n\n\n\n<h2 class=\"wp-block-heading\"><a href=\"https:\/\/rapidsilicon.com\/\">RapidSilicon<\/a><\/h2>\n\n\n\n<figure class=\"wp-block-image size-large\"><a href=\"http:\/\/www.fabienm.eu\/flf\/wp-content\/uploads\/2022\/06\/rapidsilicon-1.png\"><img loading=\"lazy\" decoding=\"async\" width=\"1024\" height=\"163\" src=\"http:\/\/www.fabienm.eu\/flf\/wp-content\/uploads\/2022\/06\/rapidsilicon-1-1024x163.png\" alt=\"\" class=\"wp-image-2087\" srcset=\"https:\/\/www.fabienm.eu\/flf\/wp-content\/uploads\/2022\/06\/rapidsilicon-1-1024x163.png 1024w, https:\/\/www.fabienm.eu\/flf\/wp-content\/uploads\/2022\/06\/rapidsilicon-1-300x48.png 300w, https:\/\/www.fabienm.eu\/flf\/wp-content\/uploads\/2022\/06\/rapidsilicon-1-768x123.png 768w, https:\/\/www.fabienm.eu\/flf\/wp-content\/uploads\/2022\/06\/rapidsilicon-1-1536x245.png 1536w, https:\/\/www.fabienm.eu\/flf\/wp-content\/uploads\/2022\/06\/rapidsilicon-1.png 1660w\" sizes=\"auto, (max-width: 1024px) 100vw, 1024px\" \/><\/a><\/figure>\n\n\n\n<p>Soci\u00e9t\u00e9 am\u00e9ricano-pakistanaise qui produit un SoC \u00e0 base de ARM + Risc-V plus  une (grosse) zone FPGA : <a href=\"https:\/\/rapidsilicon.com\/gemini\/\">Gemini<\/a>.<\/p>\n\n\n\n<p>La soci\u00e9t\u00e9 se vante d&rsquo;\u00eatre la premi\u00e8re \u00e0 proposer un IDE open source nomm\u00e9 <a href=\"https:\/\/rapidsilicon.com\/raptor\/\">Raptor<\/a>. Mais \u00e7a n&rsquo;est <a href=\"http:\/\/www.fabienm.eu\/flf\/decouverte-du-fpga-europeen-le-gatemate-de-colognechip\/\">pas la premi\u00e8re<\/a> \ud83d\ude09<\/p>\n\n\n\n<h2 class=\"wp-block-heading\"><a href=\"https:\/\/www.pangomicro.com\">PangoMicro<\/a><\/h2>\n\n\n<div class=\"wp-block-image\">\n<figure class=\"aligncenter size-full\"><a href=\"http:\/\/www.fabienm.eu\/flf\/wp-content\/uploads\/2022\/07\/zgtclogo.png\"><img loading=\"lazy\" decoding=\"async\" width=\"234\" height=\"64\" src=\"http:\/\/www.fabienm.eu\/flf\/wp-content\/uploads\/2022\/07\/zgtclogo.png\" alt=\"\" class=\"wp-image-2105\"\/><\/a><\/figure><\/div>\n\n\n<p>Pangomicro est un fabricant de FPGA tellement Chinois que je site officiel n&rsquo;est m\u00eame pas traduit en anglais. 3 gamme de FPGA ont l&rsquo;air d&rsquo;\u00eatre produite :<\/p>\n\n\n\n<ul class=\"wp-block-list\"><li><a href=\"https:\/\/www.pangomicro.com\/procenter\/detail3.html\">Titan<\/a>: gros fpga avec serdes (800Mhz), PCIe gen2, 200klut<\/li><li><a href=\"https:\/\/www.pangomicro.com\/procenter\/detail4.html\">logo<\/a>: Moyen gamme de 10kLut \u00e0 100klut avec multiplieurs, bram, serdes, &#8230; equivalent \u00e0 du Spartan.<\/li><li><a href=\"https:\/\/www.pangomicro.com\/procenter\/detail17.html\">compa<\/a>: Un CPLD de 1k LUT \u00e0 10k LUT<\/li><\/ul>\n\n\n\n<p>Le logiciel de synth\u00e8se\/placement\/routage fait maison se nomme <a href=\"https:\/\/www.pangomicro.com\/procenter\/detail29.html\">Pango Design Suite (PDS)<\/a> et prend en charge tous le process. Un installeur est fourni pour Linux et semble <a href=\"https:\/\/www.pangomicro.com\/support\/License-pds\/index.html\">\u00eatre t\u00e9l\u00e9chargeable<\/a> \u00e0 condition d&rsquo;\u00eatre identifi\u00e9. Les premi\u00e8re versions date de 2019, il est donc fort probable que la suite des FPGA soit de cette \u00e9poque \u00e9galement.<\/p>\n","protected":false},"excerpt":{"rendered":"<p>Une petites listes des marques de FPGA du march\u00e9. Xilinx Produit toute la gamme de FPGA, du plus petit au plus gros. D\u00e9veloppe sa propre chaine de developpement : ISE, Vivado, &#8230; Altera\/Intel Produit toute la gamme de FPGA, du plus petit au plus gros. A r\u00e9cemment \u00e9t\u00e9 rachet\u00e9 par Intel. Risque d\u2019arr\u00eater les petits &hellip; <a href=\"https:\/\/www.fabienm.eu\/flf\/materiel\/fpga\/\" class=\"more-link\">Continuer la lecture de <span class=\"screen-reader-text\">Fondeurs FPGA<\/span> <span class=\"meta-nav\">&rarr;<\/span><\/a><\/p>\n","protected":false},"author":1,"featured_media":0,"parent":1009,"menu_order":11,"comment_status":"open","ping_status":"closed","template":"","meta":{"_uag_custom_page_level_css":"","footnotes":""},"class_list":["post-194","page","type-page","status-publish","hentry"],"uagb_featured_image_src":{"full":false,"thumbnail":false,"medium":false,"medium_large":false,"large":false,"1536x1536":false,"2048x2048":false,"post-thumbnail":false},"uagb_author_info":{"display_name":"Fabien Marteau","author_link":"https:\/\/www.fabienm.eu\/flf\/author\/admin\/"},"uagb_comment_info":0,"uagb_excerpt":"Une petites listes des marques de FPGA du march\u00e9. Xilinx Produit toute la gamme de FPGA, du plus petit au plus gros. D\u00e9veloppe sa propre chaine de developpement : ISE, Vivado, &#8230; Altera\/Intel Produit toute la gamme de FPGA, du plus petit au plus gros. A r\u00e9cemment \u00e9t\u00e9 rachet\u00e9 par Intel. Risque d\u2019arr\u00eater les petits\u2026","_links":{"self":[{"href":"https:\/\/www.fabienm.eu\/flf\/wp-json\/wp\/v2\/pages\/194","targetHints":{"allow":["GET"]}}],"collection":[{"href":"https:\/\/www.fabienm.eu\/flf\/wp-json\/wp\/v2\/pages"}],"about":[{"href":"https:\/\/www.fabienm.eu\/flf\/wp-json\/wp\/v2\/types\/page"}],"author":[{"embeddable":true,"href":"https:\/\/www.fabienm.eu\/flf\/wp-json\/wp\/v2\/users\/1"}],"replies":[{"embeddable":true,"href":"https:\/\/www.fabienm.eu\/flf\/wp-json\/wp\/v2\/comments?post=194"}],"version-history":[{"count":41,"href":"https:\/\/www.fabienm.eu\/flf\/wp-json\/wp\/v2\/pages\/194\/revisions"}],"predecessor-version":[{"id":2109,"href":"https:\/\/www.fabienm.eu\/flf\/wp-json\/wp\/v2\/pages\/194\/revisions\/2109"}],"up":[{"embeddable":true,"href":"https:\/\/www.fabienm.eu\/flf\/wp-json\/wp\/v2\/pages\/1009"}],"wp:attachment":[{"href":"https:\/\/www.fabienm.eu\/flf\/wp-json\/wp\/v2\/media?parent=194"}],"curies":[{"name":"wp","href":"https:\/\/api.w.org\/{rel}","templated":true}]}}